s 2 divide 176192?
True
Is 527 a factor of 276675?
True
Is 168439 a multiple of 54?
False
Is 37338 a multiple of 98?
True
Does 13 divide 1114594?
True
Does 742 divide 299768?
True
Is 24958 even?
True
Does 59 divide 161800?
False
Is 868296 a multiple of 184?
True
Does 4 divide 11676?
True
Is 9383 a multiple of 17?
False
Is 31 a factor of 4338078?
True
Is 878 a factor of 695311?
False
Does 81 divide 707224?
False
Does 13 divide 4035852?
False
Is 1146 a factor of 4739891?
False
Does 4 divide 56788?
True
Is 84 a factor of 613875?
False
Is 22350 a multiple of 30?
True
Is 33 a factor of 111705?
True
Is 10 a factor of 109054?
False
Is 321926 a multiple of 21?
False
Is 503765 a multiple of 9?
False
Is 474 a factor of 9832987?
False
Does 22 divide 441639?
False
Does 145 divide 2096120?
True
Is 123 a factor of 1964064?
True
Is 78118 a multiple of 281?
True
Does 825 divide 1026300?
True
Does 11 divide 9458768?
True
Does 12 divide 978179?
False
Does 24 divide 599230?
False
Does 6 divide 1027456?
False
Does 213 divide 1149803?
False
Is 51 a factor of 44523?
True
Is 175252 a multiple of 81?
False
Is 5205477 a multiple of 82?
False
Is 13 a factor of 768885?
True
Does 54 divide 234281?
False
Is 67 a factor of 24937?
False
Is 248 a factor of 89280?
True
Is 353 a factor of 3140107?
False
Does 107 divide 882536?
True
Does 2 divide 36069?
False
Does 17 divide 2359470?
False
Is 33617 a multiple of 7?
False
Does 21 divide 7817544?
True
Does 73 divide 299370?
False
Is 12 a factor of 189773?
False
Is 50 a factor of 48000?
True
Is 7 a factor of 804857?
False
Does 11 divide 463273?
False
Is 583992 a multiple of 9?
True
Is 17 a factor of 6890360?
False
Does 5 divide 19460?
True
Is 293541 a multiple of 188?
False
Does 278 divide 150482?
False
Is 279981 a multiple of 39?
True
Is 209642 a multiple of 46?
False
Is 4976007 a multiple of 53?
False
Is 2546563 a multiple of 309?
False
Is 48705 a multiple of 156?
False
Does 72 divide 224928?
True
Is 189 a factor of 154602?
True
Is 74630 a multiple of 16?
False
Is 10 a factor of 113412?
False
Is 143 a factor of 106518?
False
Is 144 a factor of 4522?
False
Is 195 a factor of 4232557?
False
Is 3013556 a multiple of 341?
False
Does 9 divide 197100?
True
Is 19 a factor of 2216825?
True
Is 266084 a multiple of 91?
True
Is 23024 a multiple of 114?
False
Is 9140607 a multiple of 372?
False
Is 4758647 a multiple of 254?
False
Is 217664 a multiple of 19?
True
Does 11 divide 37621?
False
Is 13 a factor of 71212?
False
Is 966426 a multiple of 9?
False
Is 58 a factor of 615206?
True
Does 965 divide 1472590?
True
Does 355 divide 265185?
True
Is 2 a factor of 77682?
True
Does 245 divide 2450?
True
Is 3463575 a multiple of 74?
False
Is 3 a factor of 618555?
True
Does 104 divide 297344?
False
Is 22 a factor of 837035?
False
Is 10 a factor of 209668?
False
Is 82 a factor of 63878?
True
Is 694 a factor of 3288057?
False
Is 40 a factor of 8188152?
False
Is 19027 a multiple of 4?
False
Is 8 a factor of 706816?
True
Is 12 a factor of 984711?
False
Does 111 divide 1164946?
False
Is 94 a factor of 135078?
True
Is 401 a factor of 6058709?
True
Is 10267 a multiple of 44?
False
Is 1288965 a multiple of 15?
True
Is 3 a factor of 760964?
False
Does 169 divide 208715?
True
Is 16 a factor of 145512?
False
Is 351150 a multiple of 13?
False
Does 11 divide 2649251?
True
Does 25 divide 6478618?
False
Is 4 a factor of 3419?
False
Does 79 divide 55537?
True
Is 1915 a factor of 1796311?
False
Is 4843912 a multiple of 17?
True
Is 1176006 a multiple of 78?
True
Is 1831890 a multiple of 1135?
True
Does 14 divide 344792?
True
Is 229264 a multiple of 8?
True
Is 404 a factor of 1760755?
False
Is 28376 even?
True
Is 107594 even?
True
Does 35 divide 120260?
True
Does 358 divide 88703?
False
Is 923324 a multiple of 73?
False
Is 365358 a multiple of 2?
True
Does 14 divide 236519?
False
Is 31 a factor of 415794?
False
Is 251 a factor of 17407692?
False
Is 478 a factor of 1509014?
False
Is 114 a factor of 284446?
False
Is 308574 a multiple of 21?
True
Is 35 a factor of 359660?
True
Is 936286 a multiple of 18?
False
Does 61 divide 6672851?
True
Is 12 a factor of 179525?
False
Is 591948 a multiple of 378?
True
Is 482629 a multiple of 109?
False
Is 30154 a multiple of 230?
False
Does 35 divide 10394510?
True
Is 105202 a multiple of 27?
False
Does 8 divide 195734?
False
Does 17 divide 170?
True
Is 6965793 a multiple of 93?
True
Does 116 divide 567472?
True
Is 57118 a multiple of 21?
False
Does 173 divide 1100591?
False
Is 544 a factor of 1519936?
True
Is 5585412 a multiple of 138?
True
Is 2637501 a multiple of 9?
False
Is 46 a factor of 175871?
False
Is 6 a factor of 1099480?
False
Does 546 divide 24036558?
True
Does 63 divide 1049585?
False
Is 238322 a multiple of 587?
True
Does 97 divide 281106?
True
Is 19 a factor of 12238?
False
Is 24 a factor of 72251?
False
Does 62 divide 309346?
False
Does 70 divide 13869875?
False
Does 225 divide 257400?
True
Is 401408 a multiple of 212?
False
Is 12 a factor of 647126?
False
Is 4 a factor of 15528684?
True
Is 150447 a multiple of 47?
True
Is 28 a factor of 218540?
True
Is 27636 a multiple of 49?
True
Is 25822 a multiple of 19?
False
Is 188898 a multiple of 38?
True
Is 47528 a multiple of 52?
True
Is 22 a factor of 1370358?
True
Is 1066670 a multiple of 56?
False
Does 7 divide 44401?
True
Is 16187373 a multiple of 1569?
True
Does 189 divide 1136646?
True
Is 6713042 a multiple of 12?
False
Is 465 a factor of 420360?
True
Is 140128 a multiple of 232?
True
Does 382 divide 417699?
False
Does 284 divide 283762?
False
Is 210006 a multiple of 107?
False
Is 2396304 a multiple of 688?
True
Is 21 a factor of 2174966?
False
Is 11 a factor of 167585?
True
Is 91671 a multiple of 2?
False
Does 13 divide 43901?
True
Is 1018 a factor of 3739114?
True
Does 58 divide 2790786?
True
Is 608 a factor of 9358055?
False
Is 286 a factor of 246818?
True
Does 16 divide 179972?
False
Does 69 divide 153401?
False
Is 1105960 a multiple of 8?
True
Does 15 divide 279834?
False
Is 91 a factor of 351931?
False
Is 417 a factor of 3193090?
False
Is 114 a factor of 859372?
False
Is 1704560 a multiple of 149?
True
Is 110 a factor of 1258290?
True
Is 213 a factor of 1888884?
True
Is 125 a factor of 40991750?
True
Is 7 a factor of 32585?
True
Is 16 a factor of 76160?
True
Does 393 divide 297607?
False
Is 183 a factor of 88206?
True
Is 7 a factor of 43337?
True
Is 161 a factor of 2186380?
True
Does 10 divide 9752440?
True
Is 73 a factor of 835704?
True
Is 2529954 a multiple of 621?
True
Is 569586 a multiple of 354?
True
Is 434196 a multiple of 18?
True
Does 149 divide 928551?
False
Is 30 a factor of 331562?
False
Is 118 a factor of 9144679?
False
Is 398 a factor of 741474?
True
Is 1845759 a multiple of 28?
False
Is 7 a factor of 63281?
False
Is 678258 a multiple of 42?
True
Does 177 divide 1982?
False
Is 146410 a multiple of 8?
False
Is 321741 a multiple of 21?
True
Does 9 divide 57869?
False
Does 807 divide 3416838?
True
Does 245 divide 641900?
True
Is 22 a factor of 78452?
True
Does 19 divide 14556660?
True
Is 2024495 a multiple of 21?
False
Is 11632712 a multiple of 133?
True
Does 16 divide 1751133?
False
Is 15 a factor of 76203?
False
Does 946 divide 414584?
False
Does 333 divide 733456?
False
Does 8 divide 350343?
False
Is 1287649 a multiple of 898?
False
Is 31175 a multiple of 5?
True
Does 27 divide 380673?
True
Is 214516 a multiple of 14?
False
Does 149 divide 974162?
True
Is 211346 a multiple of 49?
False
Is 38 a factor of 77938?
True
Is 70 a factor of 152180?
True
Does 46 divide 430287?
False
Is 14 a factor of 3105326?
True
Is 71 a factor of 96314?
False
Is 504 a factor of 302260?
False
Does 372 divide 2818321?
False
Is 87 a factor of 2978411?
False
Is 161 a factor of 3748379?
False
Is 264 a factor of 14394?
False
Does 3 divide 131340?
True
Is 1759 a factor of 4648383?
False
Is 4 a factor of 37352?
True
Is 1717767 a multiple of 304?
False
Is 7905492 a multiple of 161?
False
Does 183 divide 906948?
True
Is 622880 a multiple of 272?
True
Is 62 a factor of 74586?
True
Does 59 divide 66869?
False
Is 87347 a multiple of 4?
False
Is 2319399 a multiple of 388?
False
Is 17 a factor of 9156557?
True
Is 45276 a multiple of 7?
True
Does 116 divide 404608?
True
Does 1433 divide 6